= 4*x - x - 4*r - 179. Suppose 2*s - 3 - x = 0. What is the greatest common factor of s and 75?
15
Let l = 223 + -113. Let u(c) = -c**2 + 6*c + 2. Let i be u(4). Calculate the greatest common factor of i and l.
10
Let w(n) = n**2 + 3*n - 7. Let t be w(-5). Let d = 14 - t. Let m(z) = z**2 + 3*z + 4. Let x be m(5). What is the greatest common divisor of x and d?
11
Let j = -8 - -12. Let m = 16 - j. Let y be -1 + 2 + -2 + 25. What is the highest common divisor of y and m?
12
Let x be ((-2)/3)/((-1475)/735 + 2). Calculate the greatest common factor of x and 14.
14
Let d(j) = -j**3 - 3*j**2 + 3*j + 6. Let x be d(-4). What is the highest common factor of 50 and x?
10
Suppose -3*z + 2*z = -78. Calculate the greatest common factor of 26 and z.
26
Let i(o) = -40*o - 3. Let y(s) = 2920*s + 220. Let j(x) = 440*i(x) + 6*y(x). Let u = 2 - 3. Let n be j(u). Calculate the highest common divisor of n and 16.
16
Let q be (-1 - -22) + 0 + -2. Let t = -11 + q. What is the greatest common factor of t and 1?
1
Suppose -2*n + 11 = 29. Let l = 18 + n. Suppose 152 = 2*w + 2*c, -5*c + 0*c - 25 = 0. What is the greatest common divisor of l and w?
9
Suppose 3*g = -5*j + 305, 0 = -g - g + 4*j + 240. Calculate the highest common factor of g and 10.
10
Let v be 1 + 1 - 2*-55. Suppose 5*s - v = -x + 5*x, -3*s = -4*x - 64. What is the greatest common factor of 16 and s?
8
Let w be 4/(-10) - 28/(-20). Suppose u - w = -6. Let d = -1 - u. Calculate the highest common factor of 2 and d.
2
Let l = -117 - -119. Suppose -4*i = -4*p + 36, 6*p - 5*p - 5*i = 25. Suppose 3*c = -3, 20 = -p*t + c + 71. What is the highest common divisor of t and l?
2
Let p = 33 + 378. Let h = p - 213. What is the greatest common factor of h and 18?
18
Suppose 0 = -2*g + 3*j + 4, 3*g - 7*j + 3*j = 6. Calculate the greatest common divisor of 1 and g.
1
Let o(j) = 287*j**3 - 2*j**2 + 1. Let c be o(1). Calculate the greatest common divisor of 26 and c.
26
Let y(f) = f**3 + 6*f**2 - 6*f + 1. Let z be y(-7). Let b be -16*(27/z)/1. What is the highest common divisor of 12 and b?
12
Suppose 13 = s + 2. What is the highest common divisor of s and 55?
11
Suppose -2*r + 19 = -35. What is the greatest common divisor of r and 189?
27
Suppose 2*b + 4*y + 76 = 0, 5*b - 2*y - y + 203 = 0. Let a = -17 - b. Suppose w = -2 + a. Calculate the highest common factor of w and 231.
21
Suppose q = -4*x + 41, 10 = x + 2*q - 2. Calculate the greatest common factor of x and 110.
10
Let u be (5 - 6/2) + 11. What is the greatest common factor of u and 13?
13
Let w(o) be the first derivative of -o**2/2 + 8*o + 5. Let m be w(6). Calculate the greatest common factor of 2 and m.
2
Let k(c) = c**3 + 6*c**2 - 1. Let n be k(-5). Let u(g) = -g - 3. Let l be u(-9). Calculate the greatest common divisor of l and n.
6
Let g be 10*1 - (-2 - -2). Let x = 104 - 24. What is the highest common divisor of g and x?
10
Suppose -2*i + 150 = -i. Let l = 10 - 6. Suppose 3*h - i = -3*c, l*c - 152 = c - 4*h. What is the highest common divisor of c and 12?
12
Suppose 2 = 3*f - 2*f. Suppose -c - 2*q = -f*c + 235, -5*q + 875 = 4*c. What is the greatest common factor of 25 and c?
25
Suppose 0 = -13*x + 8*x + 30. What is the greatest common factor of 21 and x?
3
Let w(b) = b**2 - b - 2. Let x be w(-3). Let u(m) = 1 + m**3 + x*m**2 - 2*m**3 + 0*m**3 - 6*m. Let h be u(5). Calculate the highest common divisor of h and 12.
12
Let u be (0 - 0) + 3 + 1. Suppose 0 = 4*i + 4*h - u, 0*h + 4*h + 50 = 5*i. What is the greatest common divisor of i and 6?
6
Let g(z) = -2*z + 3. Let m be g(6). Let n = 59 + -44. Let v = m + n. What is the greatest common factor of v and 15?
3
Let w(t) = 6*t**2 + 4*t - 5. Suppose 3*c - 13 = 2, c - 17 = -3*j. Suppose j*v + 3 + 13 = 0. Let k be w(v). Calculate the greatest common divisor of k and 15.
15
Suppose -12 - 13 = -5*i. Suppose -b - y + 0*y + 2 = 0, i*b - 5*y + 20 = 0. Let v = b + 5. Calculate the highest common divisor of v and 4.
4
Let z(v) = -v - 34. Let x be z(0). Suppose 0 = -o - 59 + 112. Let c = o + x. Calculate the greatest common divisor of 95 and c.
19
Suppose 0*q = -q + 5. Let a(l) = -l + 7. Let x be a(q). What is the highest common factor of x and 10?
2
Let m be (-85)/17*(-3 + 1). What is the greatest common divisor of m and 230?
10
Suppose 5*b - 3*l - 37 = -0*l, 5*b - 29 = l. Calculate the greatest common divisor of 70 and b.
5
Suppose -4*v + 4*p + 16 = 0, 3*v - v - 5*p = 20. Suppose -f - 5*s + 1 = -0*s, -2*f + 4*s + 16 = v. Calculate the greatest common divisor of f and 66.
6
Let v(w) = 2*w**2 + 5. Let x be v(4). Calculate the greatest common factor of x and 185.
37
Suppose -4*p + 3*p - 1 = 2*r, 2*r = 3*p + 35. Let h be 2/p - 380/(-9). What is the highest common factor of h and 21?
21
Suppose 13*z - 8*z = 85. Calculate the highest common factor of z and 51.
17
Suppose 2*h + h + 5*i - 27 = 0, 4*h + 2*i = 36. Let q be (-3)/9 - 4/(-3). Calculate the highest common factor of q and h.
1
Suppose 2*z = 26 + 246. Calculate the greatest common factor of 17 and z.
17
Let t be (-69)/(-9) - (-3)/9. Calculate the highest common factor of 24 and t.
8
Suppose 2*c = 5*c - 9. Calculate the highest common factor of 2 and c.
1
Suppose -18 = -3*t - r, -4*t + 5*r = -53 + 10. Calculate the greatest common divisor of 28 and t.
7
Suppose -2*x + 73 - 3 = 0. Suppose 5*i - x = 195. Calculate the greatest common divisor of i and 23.
23
Suppose -3*q - 180 = q. Let b = -9 - q. What is the greatest common divisor of b and 9?
9
Suppose -6 - 1 = -b + 3*j, -3*j - 5 = -2*b. Let x be (1 + (-9 - b))/(-2). Let v be (66/x)/(2/2). Calculate the greatest common divisor of v and 2.
2
Let l be ((-6)/7)/(1/(-210)). Let i(n) = 29*n - 30*n + 4 - 4 + n**2. Let y be i(-4). Calculate the highest common factor of l and y.
20
Suppose -2*l - 2*k - 107 = -387, -3*l - 5*k + 412 = 0. What is the greatest common factor of 32 and l?
16
Let y(d) = d + 12. Let x = 6 + -6. Let v be y(x). Calculate the highest common divisor of 4 and v.
4
Suppose -7*z + 22 = -41. What is the greatest common divisor of z and 9?
9
Let d(n) = -n + 3. Let j be d(-6). Suppose -p = 3*p + 4, 0 = -3*r - 5*p + 1. Suppose -2*u - r*u = -4. Calculate the highest common factor of u and j.
1
Let x = 21 + -69. Let a = x - -138. Calculate the greatest common factor of 18 and a.
18
Let y be (0 + -2)*572/(-8). Calculate the greatest common factor of y and 13.
13
Suppose 0 = 4*z - 5*z + 6. Let p(h) = -h**3 - 5*h**2 + 6*h - 3. Let l be p(-6). Let j = z - l. Calculate the greatest common factor of 6 and j.
3
Let a = -1 + 21. Calculate the highest common factor of 140 and a.
20
Suppose -2*l = -3*c - 2, c - 1 = -0*l + l. Let t be -56*(-2)/c*-5. Calculate the greatest common factor of t and 20.
20
Let o = 8 + 8. Let x be ((-4)/3)/(3/(-9)). What is the highest common factor of o and x?
4
Suppose -k = -5, 53 = 5*u - u + 5*k. Suppose -4*v = -41 - 155. What is the greatest common factor of u and v?
7
Let s be 4/(-2) + (-1 - 15). Let g be (-4)/s + 3514/63. Calculate the greatest common divisor of 8 and g.
8
Suppose 0*y - 240 = -5*y. Calculate the highest common divisor of 8 and y.
8
Let g(r) = 3*r**2 + 3*r - 3. Let z be g(2). Let h be 15/10 - (-2)/4. Suppose -h*o - 2*o = -20. Calculate the greatest common divisor of z and o.
5
Suppose 0 = 5*h - 3*d + 69 - 1232, -d = -2*h + 465. Calculate the greatest common factor of 29 and h.
29
Let z = 25 + -10. Suppose 4*g - 9*g + 5 = -2*j, -1 = -2*g + j. Calculate the greatest common factor of g and z.
3
Let w(d) = -d + 2. Let o be w(-2). Suppose -5*m - 3*c = 1, 2*m + 6 + 10 = o*c. Let f be (m/(-4))/(2/216). Calculate the greatest common factor of f and 6.
6
Let j be ((-2 - 79) + 1)*(3 + -6). What is the greatest common divisor of 30 and j?
30
Let f(z) = z**2 - z + 4. Let n be f(-3). Let o(j) = -6*j**2 - 5*j + 7. Let y be o(-6). Let s = y + 323. What is the highest common divisor of n and s?
16
Suppose 0 = -4*l - 4 + 48. Let y be (-1 - -42) + (0 - -3). Suppose 2*p + 44 = r - 2*p, r - 5*p - y = 0. Calculate the highest common factor of r and l.
11
Suppose -4*q = q - 20. Suppose 5*x - f - 61 = 0, 44 = -3*x + 7*x + 4*f. What is the highest common divisor of q and x?
4
Suppose -6 = 3*o - 4*o. Let r be -7*(o/(-3) + 1). Calculate the highest common factor of r and 7.
7
Suppose -28 = -11*f + 7*